True
Does 7 divide 41062?
True
Does 58 divide 28362?
True
Is 37 a factor of 328518?
False
Is 11 a factor of 396891?
True
Is 71221 a multiple of 111?
False
Is 9 a factor of 10122774?
False
Is 69 a factor of 255562?
False
Is 32485 a multiple of 7?
False
Is 264494 a multiple of 130?
False
Does 800 divide 936800?
True
Is 4022526 a multiple of 186?
False
Is 428505 a multiple of 49?
True
Is 15 a factor of 355635?
True
Is 481232 a multiple of 152?
True
Is 172761 a multiple of 77?
False
Does 4 divide 425298?
False
Does 24 divide 192240?
True
Does 78 divide 3712098?
True
Is 162 a factor of 363263?
False
Is 206248 a multiple of 29?
True
Is 376 a factor of 415856?
True
Does 34 divide 5134306?
True
Is 2352211 a multiple of 103?
True
Is 177 a factor of 107262?
True
Is 54 a factor of 132138?
True
Is 5795712 a multiple of 129?
True
Is 25441928 a multiple of 68?
True
Is 78 a factor of 59592?
True
Is 37033 a multiple of 39?
False
Is 8 a factor of 6063291?
False
Is 33863 a multiple of 17?
False
Is 19 a factor of 8156871?
True
Is 902248 a multiple of 612?
False
Does 9 divide 151642?
False
Does 13 divide 6071?
True
Is 7 a factor of 596190?
True
Does 43 divide 2773308?
False
Is 24 a factor of 487218?
False
Is 197294 a multiple of 46?
True
Does 25 divide 4900?
True
Does 136 divide 1295434?
False
Is 38 a factor of 5550888?
True
Does 36 divide 12298438?
False
Is 115 a factor of 36448?
False
Is 996 a multiple of 4?
True
Is 2 a factor of 24798?
True
Does 26 divide 2088445?
False
Does 341 divide 81158?
True
Is 14 a factor of 103320?
True
Is 16 a factor of 1282144?
True
Is 9 a factor of 17352?
True
Is 25 a factor of 59341?
False
Is 2801973 a multiple of 30?
False
Does 52 divide 470375?
False
Is 1569993 a multiple of 933?
False
Does 13 divide 26746?
False
Is 637675 a multiple of 48?
False
Is 92 a factor of 2286660?
True
Is 100750 a multiple of 81?
False
Does 54 divide 8030826?
True
Does 147 divide 63651?
True
Does 7 divide 1914871?
True
Is 1487 a factor of 4175432?
False
Is 174 a factor of 4792134?
True
Is 3 a factor of 29344?
False
Is 279 a factor of 158692?
False
Is 15068139 a multiple of 37?
True
Is 18035806 a multiple of 27?
False
Is 86246 a multiple of 58?
True
Is 4131360 a multiple of 570?
True
Is 29 a factor of 16391457?
False
Is 2085520 a multiple of 8?
True
Is 18 a factor of 478584?
True
Is 795211 a multiple of 692?
False
Is 3 a factor of 892?
False
Is 13252 a multiple of 52?
False
Does 12 divide 970427?
False
Is 2915723 a multiple of 6?
False
Does 3 divide 29543?
False
Is 85 a factor of 790951?
False
Is 21 a factor of 1423254?
True
Is 280001 a multiple of 110?
False
Is 13112 a multiple of 42?
False
Is 772329 a multiple of 306?
False
Does 218 divide 206663?
False
Is 173 a factor of 329216?
False
Is 418 a factor of 559340?
False
Is 20 a factor of 636100?
True
Is 159370 a multiple of 102?
False
Is 1672010 even?
True
Is 137 a factor of 30654709?
True
Is 4 a factor of 9798?
False
Is 669852 a multiple of 36?
True
Is 17 a factor of 1187871?
False
Does 23 divide 29578?
True
Is 9 a factor of 843344?
False
Does 11 divide 793760?
True
Is 557 a factor of 99185?
False
Does 62 divide 4225424?
True
Does 14 divide 57146?
False
Does 4 divide 486250?
False
Is 40500 a multiple of 30?
True
Is 8169 a multiple of 7?
True
Does 13 divide 717958?
False
Is 207 a factor of 679332?
False
Is 41184 a multiple of 96?
True
Is 67 a factor of 1057997?
True
Is 14 a factor of 986875?
False
Is 6482949 a multiple of 228?
False
Is 2565505 a multiple of 58?
False
Is 46053 a multiple of 16?
False
Is 16 a factor of 1253728?
True
Is 289 a factor of 8623182?
True
Does 104 divide 10711376?
True
Is 8337 a multiple of 8?
False
Is 52759 a multiple of 147?
False
Does 15 divide 1668068?
False
Is 3 a factor of 28141?
False
Does 148 divide 197078?
False
Is 5 a factor of 12510?
True
Is 489 a factor of 3076788?
True
Is 7 a factor of 7645672?
False
Does 5 divide 723730?
True
Is 12284507 a multiple of 437?
True
Is 49 a factor of 373968?
True
Does 384 divide 4442171?
False
Is 8087356 a multiple of 8?
False
Does 77 divide 818587?
True
Is 172329 a multiple of 109?
True
Does 1183 divide 10068513?
True
Is 5842526 a multiple of 1828?
False
Is 243383 a multiple of 6?
False
Does 25 divide 2528925?
True
Is 76 a factor of 50167?
False
Does 15 divide 909165?
True
Is 8 a factor of 103416?
True
Does 87 divide 30983552?
False
Is 47728 a multiple of 152?
True
Is 634958 a multiple of 608?
False
Is 949297 a multiple of 323?
True
Does 23 divide 19000?
False
Is 2851095 a multiple of 653?
False
Does 8 divide 20656?
True
Is 21 a factor of 75818?
False
Is 81072 a multiple of 9?
True
Does 79 divide 279502?
True
Is 719256 a multiple of 69?
True
Is 5 a factor of 25029?
False
Is 60786 a multiple of 14?
False
Is 5337093 a multiple of 46?
False
Is 303000 a multiple of 300?
True
Does 14 divide 147420?
True
Is 1016642 a multiple of 121?
True
Does 26 divide 2433606?
False
Is 64847 a multiple of 19?
True
Does 109 divide 3060656?
False
Does 95 divide 56413?
False
Is 1147580 a multiple of 196?
True
Does 31 divide 340539?
False
Is 3 a factor of 68607?
True
Is 11284 a multiple of 62?
True
Is 267 a factor of 1002318?
True
Does 15 divide 525225?
True
Does 3 divide 129165?
True
Is 8 a factor of 3508116?
False
Is 618838 a multiple of 343?
False
Does 211 divide 4862706?
True
Does 51 divide 153969?
True
Is 44786 a multiple of 3?
False
Is 1584673 even?
False
Is 90 a factor of 572940?
True
Is 345 a factor of 2860740?
True
Is 336 a factor of 3101371?
False
Is 19592794 a multiple of 1064?
False
Does 397 divide 414468?
True
Does 52 divide 342619?
False
Is 198765 a multiple of 63?
True
Is 631102 a multiple of 129?
False
Is 96 a factor of 2826102?
False
Does 4 divide 944579?
False
Does 40 divide 941898?
False
Does 26 divide 6040424?
True
Is 181656 a multiple of 12?
True
Does 284 divide 3090456?
False
Does 37 divide 3933507?
True
Does 409 divide 124336?
True
Does 14 divide 101822?
True
Is 242133 a multiple of 43?
True
Is 6606023 a multiple of 23?
False
Is 13 a factor of 482479?
False
Is 1398 a multiple of 128?
False
Does 615 divide 2441550?
True
Is 96 a multiple of 32?
True
Is 1114802 a multiple of 106?
True
Does 45 divide 57465?
True
Is 630054 a multiple of 70?
False
Is 421158 a multiple of 51?
True
Is 21932650 a multiple of 10?
True
Is 86185 a multiple of 2?
False
Does 53 divide 1728127?
False
Is 20 a factor of 1016996?
False
Is 667111 a multiple of 307?
True
Does 4 divide 67979?
False
Is 2468130 a multiple of 161?
True
Does 706 divide 6344116?
True
Is 144 a factor of 381744?
True
Is 182 a factor of 27482?
True
Is 413 a factor of 1844109?
False
Is 1161748 a multiple of 162?
False
Is 62950 a multiple of 14?
False
Does 44 divide 62127?
False
Does 160 divide 227170?
False
Does 299 divide 4235933?
True
Is 119720 a multiple of 205?
True
Is 1974525 a multiple of 21?
True
Is 265972 a multiple of 161?
True
Is 1657 a factor of 12558403?
True
Does 34 divide 154598?
True
Does 5 divide 249331?
False
Is 995 a factor of 1270132?
False
Is 15 a factor of 3780463?
False
Does 21 divide 131817?
True
Is 254 a factor of 123632?
False
Is 48 a factor of 2768160?
True
Is 49 a factor of 1366414?
True
Does 72 divide 1233792?
True
Does 212 divide 9073176?
True
Is 4 a factor of 13724?
True
Is 10 a factor of 8223907?
False
Does 34 divide 325593?
False
Is 19566890 a multiple of 92?
False
Is 3168415 a multiple of 317?
True
Is 12 a factor of 1794991?
False
Does 18 divide 2075506?
False
Is 185367 a multiple of 52?
False
Is 14 a factor of 160390?
False
Is 485916 a multiple of 4?
True
Does 13 divide 31734131?
True
Is 11 a factor of 2526762?
False
Is 797994 a multiple of 129?
True
Does 7 divide 190068?
False
Is 456 a factor of 773376?
True
Is 678524 a multiple of 77?
True
Does 10 divide 120610?
True
Is 22 a factor of 11777?
False
Does 120 divide 234786?
False
Is 235589 a multiple of 12?
False
Is 11832546 a multiple of 353?
False
Is 16 a factor of 319934?
False
Is 22 a factor of 4056537?
False
Is 618 a factor of 5666865?
False
Does 25 divide 352275?
True
Does 85 divide 1822485?
True
Is 23809728 a multiple of 269?
True
Is 6313524 a multiple of 35?
False
Does 16 divide 77579?
False
Does 8 divide 4323024?
True
Does 16 divide 166693?
False
Is 94 a factor of 3180866?
True
Is 20996 a multiple of 24?
F